(-3).
36
Let d(u) = 2*u**2 + 236*u + 3772. Determine d(-19).
10
Let p(m) = -2*m**3 + 68*m**2 - 106. Calculate p(34).
-106
Let a(s) = 102*s - 8164. Calculate a(80).
-4
Let i(n) = n**2 - 35*n - 102. Give i(-3).
12
Let r(k) = -2*k**2 + 925*k - 2765. Calculate r(3).
-8
Let z(o) = -2*o**3 + 6*o**2 + 39*o - 310. Determine z(7).
-429
Let r(x) = 623*x + 627. Calculate r(-1).
4
Let j(g) = -12*g**2 - 243*g + 61. Calculate j(-20).
121
Let m(n) = 3691*n - 6. Give m(0).
-6
Let s(u) = u**2 - 954*u - 60840. What is s(-60)?
0
Let b(r) = -7*r - 45. Calculate b(-2).
-31
Let b(h) = 39*h + 577. What is b(-18)?
-125
Let a(j) = -2*j**3 - 32*j**2 + 37*j + 14. Determine a(-17).
-37
Let f(u) = u**2 + 82*u + 1463. Calculate f(-27).
-22
Let m(f) = -343*f + 16123. Calculate m(47).
2
Let f(h) = -73*h**2 + 25*h - 2. Give f(1).
-50
Let r(b) = 667*b + 2008. Calculate r(-3).
7
Let i(k) = 2*k**2 + 92*k + 666. Give i(-9).
0
Let a(v) = 20*v - 21. Calculate a(-2).
-61
Let b(u) = -20*u**3 + 13*u**2 - 20*u + 9. Give b(1).
-18
Let h(d) = -2*d**3 - 9*d**2 + 31*d + 219. Give h(-5).
89
Let z(p) = -p**2 + 38*p - 224. Determine z(36).
-152
Let f(q) = -3*q - 109. Calculate f(7).
-130
Let y(l) = 25*l + 20. Give y(3).
95
Let z(q) = q**2 - 282*q + 19865. Determine z(146).
9
Let k(c) = c**3 + 15*c**2 + 19*c - 212. What is k(-12)?
-8
Let d(p) = p - 37. What is d(83)?
46
Let a(z) = z**3 + 11*z**2 + 21*z - 157. Determine a(-8).
-133
Let h(m) = 189*m - 10605. What is h(56)?
-21
Let s(i) = 2*i**3 - i**2 + 35*i + 274. What is s(-4)?
-10
Let s(w) = 68*w**2 + 19*w - 37. What is s(2)?
273
Let n(v) = -32*v**2 + 48*v + 94. What is n(-2)?
-130
Let c(w) = w**3 - 29*w - 65. What is c(-3)?
-5
Let w(a) = 67*a - 1816. Give w(27).
-7
Let b(g) = -8*g**2 - 16*g + 1. Calculate b(-2).
1
Let y(b) = 1638*b - 121206. What is y(74)?
6
Let c(h) = h**2 - 176*h - 5043. Determine c(-25).
-18
Let g(c) = -1203*c + 14439. What is g(12)?
3
Let c(t) = 4*t**2 + 59*t - 50. Calculate c(-16).
30
Let v(y) = -10*y**2 + 162*y - 50. Calculate v(16).
-18
Let x(h) = 4*h**2 + 16*h - 25. Determine x(4).
103
Let f(x) = -384*x - 13044. Calculate f(-34).
12
Let f(d) = -d**3 + 3. Calculate f(4).
-61
Let t(z) = -19*z**3 + 439*z**2 - 46*z - 22. Calculate t(23).
-22
Let n(g) = -12*g - 62. Calculate n(10).
-182
Let h(d) = -d**3 + 36*d**2 - 52*d - 541. What is h(34)?
3
Let g(j) = j**3 + 32*j**2 - 34*j + 45. Calculate g(-33).
78
Let d(k) = 33*k - 1070. Calculate d(36).
118
Let k(h) = h**3 + 131*h**2 + 867*h - 6. Calculate k(-7).
1
Let j(p) = 3*p**2 + 11*p - 104. Give j(4).
-12
Let p(t) = -2*t**2 + 40*t - 62. Determine p(15).
88
Let i(s) = -13*s - 867. What is i(-65)?
-22
Let o(b) = -b**2 - 2*b + 41. Calculate o(8).
-39
Let j(n) = -68*n + 1748. Give j(15).
728
Let c(r) = -117*r + 5376. What is c(46)?
-6
Let j(h) = 19*h - 327. Calculate j(18).
15
Let w(d) = -2*d**3 - 127*d**2 + 63*d - 52. What is w(-64)?
12
Let c(i) = -i**2 + 26*i + 78. Determine c(24).
126
Let q(m) = -m**3 + 55*m + 217. What is q(-4)?
61
Let k(a) = -4*a**3 - 35*a**2 - 7*a + 56. Calculate k(-9).
200
Let d(n) = -548*n - 24120. What is d(-44)?
-8
Let d(c) = -4*c**2 + 56*c + 807. Give d(-10).
-153
Let a(w) = -83*w**2 + 917*w - 56. Give a(11).
-12
Let n(y) = -4*y**3 + 772*y**2 + 14*y - 2709. What is n(193)?
-7
Let w(g) = -5*g - 735. Give w(-147).
0
Let x(r) = -r**3 - 4*r**2 + 39*r + 25. Calculate x(-8).
-31
Let n(i) = 2*i**2 - 44*i - 173. Calculate n(26).
35
Let h(l) = 56*l + 364. Give h(-3).
196
Let l(n) = 14*n - 28. Determine l(9).
98
Let w(d) = d**3 - 126*d**2 + 1049*d + 16. Calculate w(9).
-20
Let r(b) = -93*b**2 + 1767*b + 18. Calculate r(19).
18
Let v(r) = r - 52. Give v(-13).
-65
Let m(r) = -r - 17. Give m(32).
-49
Let d(a) = -a**3 + 15*a**2 - 118*a + 687. Determine d(10).
7
Let c(l) = 60*l - 1654. Calculate c(28).
26
Let r(f) = f**3 - 2*f**2 - 50*f - 21. What is r(6)?
-177
Let i(w) = -632*w**3 - 6*w**2 - 2*w + 6. Give i(1).
-634
Let a(m) = 41*m + 261. Determine a(-6).
15
Let r(m) = -6*m**2 + 609*m + 1547. Give r(104).
-13
Let c(g) = -2*g**3 + 10*g**2 + 2*g + 13. Calculate c(5).
23
Let b(w) = 2*w**3 + 75*w**2 + 84*w - 748. What is b(-36)?
116
Let z(s) = 13*s + 103. Determine z(5).
168
Let h(m) = 29*m**2 + 1423*m + 108. Give h(-49).
10
Let m(c) = -c**2 - 40*c - 301. Calculate m(-9).
-22
Let h(a) = -5*a**2 + 30*a - 25. Determine h(1).
0
Let x(j) = -500*j - 11509. Give x(-23).
-9
Let a(x) = 52*x - 345. Calculate a(6).
-33
Let j(n) = 457*n + 3777. Determine j(-9).
-336
Let g(c) = c**3 + 86*c**2 + 246*c - 223. Give g(-83).
26
Let r(w) = w**2 + 16*w - 200. What is r(-26)?
60
Let l(i) = 3*i - 726. What is l(22)?
-660
Let n(b) = -2*b**2 + 200*b + 9792. Calculate n(136).
0
Let g(x) = -15*x - 482. Determine g(-30).
-32
Let s(r) = -351*r + 75. Give s(2).
-627
Let u(h) = -3*h**3 + h**2 + 6*h + 7. What is u(3)?
-47
Let h(r) = -60*r - 16382. Give h(-273).
-2
Let p(r) = r**3 + 24*r**2 - 31*r - 157. What is p(-25)?
-7
Let a(n) = -34*n - 37. What is a(6)?
-241
Let n(a) = -a**3 + 11*a**2 + 329*a - 2688. Determine n(8).
136
Let h(d) = d**2 - 81*d - 498. Calculate h(-6).
24
Let b(k) = 120*k**3 - 10*k**2 + 2*k + 11. Determine b(-1).
-121
Let j(d) = -38*d + 268. Calculate j(7).
2
Let d(y) = y**3 - 3*y**2 - 143*y + 121. Give d(-11).
0
Let v(j) = j**3 + 3*j**2 + 2*j + 18. Give v(-3).
12
Let v(g) = g**3 + 15*g**2 - 24*g - 98. Calculate v(-16).
30
Let p(q) = q**2 + 1808*q + 39303. What is p(-22)?
11
Let x(g) = -2*g**3 - 29*g**2 + 50*g - 22. Calculate x(-16).
-54
Let q(w) = 56*w**2 + 2*w - 9. Calculate q(2).
219
Let t(n) = -2648*n + 21179. Determine t(8).
-5
Let w(g) = -324*g + 1279. Calculate w(4).
-17
Let g(c) = 6*c + 88. Give g(-7).
46
Let o(g) = 2*g**3 - 456*g**2 - 456*g - 471. What is o(229)?
-13
Let h(j) = j**2 + 46*j + 228. What is h(-6)?
-12
Let o(n) = 15*n**3 - 40*n**2 - 37*n + 4. Calculate o(-1).
-14
Let w(p) = 1006*p - 2249. Calculate w(3).
769
Let a(z) = -11*z + 86. Calculate a(-9).
185
Let p(s) = 942*s + 16962. Give p(-18).
6
Let j(l) = -22*l**2 + 118*l + 7. Determine j(6).
-77
Let j(c) = -6*c - 58. Give j(-18).
50
Let v(t) = -5*t + 106. Determine v(-5).
131
Let a(c) = -4*c - 9. What is a(9)?
-45
Let d(t) = 3*t**2 + 4*t - 3. Give d(-5).
52
Let o(f) = -f**2 - 12*f + 42. Calculate o(12).
-246
Let p(z) = 466*z - 4198. Give p(9).
-4
Let d(b) = 93*b - 227. Calculate d(3).
52
Let k(t) = -3*t**3 - 106*t**2 + 74*t + 63. Calculate k(-36).
-9
Let y(q) = -4*q**2 + 929*q - 1857. What is y(2)?
-15
Let b(o) = -3*o**3 + 24*o**2 + 21*o + 6. What is b(9)?
-48
Let q(l) = 3356*l - 33555. Give q(10).
5
Let t(c) = -c**2 + 28*c - 84. Give t(5).
31
Let f(x) = 2*x**2 - 53*x + 142. Calculate f(3).
1
Let g(i) = -315*i + 7867. Determine g(25).
-8
Let b(u) = 239*u - 20787. Give b(87).
6
Let b(h) = -h**2 - 15*h - 80. Give b(-10).
-30
Let b(y) = 3*y**2 - 40*y + 182. What is b(8)?
54
Let c(u) = 6*u + 207. What is c(-38)?
-21
Let m(d) = -d**3 - 16*d**2 - 33*d - 76. Give m(-14).
-6
Let i(f) = f**3 - 90*f**2 - 573*f - 287. Calculate i(96).
1
Let a(g) = -g**2 - 70*g - 934. Calculate a(-18).
2
Let r(g) = g**3 + 537*g**2 - 8281*g + 12. Give r(15).
-3
Let v(p) = 90*p**2 - 4234*p + 192. Calculate v(47).
4
Let g(o) = -o**2 + 340*o + 1004. What is g(-3)?
-25
Let o(u) = -u**3 - 11*u**2 - 11*u - 3. Determine o(-5).
-98
Let x(j) = -2*j**2 + 5*j - 76. Calculate x(7).
-139
Let n(y) = 31*y**2 + 312*y + 8. What is n(-10)?
-12
Let i(p) = 9*p**3 + 6*p**2 - p - 11. What is i(3)?
283
Let k(q) = -q**2 + 38*q + 4820. Determine k(-53).
-3
Let f(h) = 19*h**2 - 285*h + 29. What is f(15)?
29
Let k(v) = 9*v**2 - 19*v. Give k(0).
0
Let m(k) = 29*k + 896. Determine m(-31).
-3
Let s(i) = 6*i**3 - 15*i**2 + 14*i - 3. What is s(3)?
66
Let c(j) = 50*j**2 + 14*j + 6. Determine c(3).
498
Let v(g) = 54*g - 596. Determine v(11).
-2
Let h(d) = d**3 + 12*d**2 + 21*d + 30. Determine h(-7).
128
Let j(c) = -2*c**2 - 176*c + 1050. Determine j(-94).
-78
Let n(m) = m**2 + 4*m + 124. Give n(0).
124
Let u(v) = -2*v**3 - 173*v**2 + 445*v - 2. Determine u(-89).
-2
Let q(h) = 227*h - 2586. Calculate q(13).
365
Let k(f) = 5354*f - 219522. What is k(41)?
-8
Let m(l) = -l**2 + 532*l + 7. Give m(0).
7
Let t(f) = 917*f - 26591. Give t(29).
2
Let p(i) = -2*i**3 - 28*i**2 - 13*i - 95. Give p(-14).
87
Let p(b) = 3*b + 274. Calculate p(-53).
115
Let a(l) = -l**2 + 3*l + 109. Giv